t c(a) = 2*a + 8 - 52*a**2 + a + 72*a**2 + 3*a. Let j be c(-3). What is the greatest common factor of j and 17?
17
Let d(i) = -27*i - 23. Let h be d(-13). Calculate the greatest common factor of h and 41.
41
Let w(t) = -t + 19. Let j be w(0). Suppose -j + 59 = 5*d. Suppose s + 48 = 2*s - 4*y, 0 = -3*s + 4*y + 112. Calculate the greatest common divisor of s and d.
8
Let g = 261 - -147. Let q be 8/(-3)*g/(-32). Suppose 0 = -l - l + 170. Calculate the highest common factor of l and q.
17
Suppose -67*m - 156 = -70*m. What is the highest common divisor of m and 13?
13
Let t = 20 + -6. Calculate the highest common factor of 14 and t.
14
Suppose 0 = 2*p - 33 - 133. Let j = p - 39. Let u(l) = -l**2 + 11*l - 7. Let f be u(9). What is the greatest common divisor of j and f?
11
Suppose d + l + 14 = 0, 43 = -3*d - 2*l - 0. Let z be (-3)/d - (-198)/10. What is the greatest common divisor of z and 8?
4
Let v be (-387)/(-11) + 138/(-33) + 4. What is the greatest common factor of 280 and v?
35
Suppose -2*o - 1 - 1 = j, 7 = j - o. Suppose -5*a = -j*a - 13. Calculate the highest common factor of 143 and a.
13
Let v = 100 + -1. Let y = v - 59. Calculate the highest common divisor of y and 100.
20
Let f be (-11)/(-2)*-6*30/(-9). What is the greatest common divisor of 10 and f?
10
Let i = -20 + 30. Calculate the highest common factor of 70 and i.
10
Let q be (42/(-140))/(6/(-10))*64. Calculate the highest common divisor of 32 and q.
32
Suppose -22*z + 5592 - 488 = 0. Let d = 87 - 58. What is the highest common divisor of d and z?
29
Suppose -10 = -2*g + 30. Let d = -68 - -70. What is the highest common factor of g and d?
2
Let k be (-2)/(1 + 0 + 0). Let y(t) = t**2 + t - 2. Let o be y(k). Suppose -m + 2*m - 10 = o. What is the greatest common factor of 10 and m?
10
Suppose -3*s + 4*k = -66, 2*s = 5*k - k + 40. Suppose -3618 = -16*p - 290. What is the greatest common divisor of s and p?
26
Let v be 8 + -11 - -1*23. Let g = v - 2. Let d(u) = -14*u + 6. Let s be d(-6). Calculate the highest common divisor of s and g.
18
Let p = 44 + 6. What is the highest common divisor of p and 175?
25
Let y(a) = -2*a + 5. Let z be y(-5). Suppose -z = -3*j + 21. Let s(n) = 23*n**2 - 3*n - 2. Let m be s(-2). What is the highest common factor of j and m?
12
Let n be 178/14 - 2/(-7). Let m(x) = 12*x**2 + 1. Let b be m(1). Calculate the highest common divisor of b and n.
13
Let t = -1 + -10. Let o = 18 - t. Suppose 105 = 5*j + 4*y + o, 1 = -y. Calculate the highest common divisor of j and 48.
16
Suppose 4*w = l + 38, 1 = -l + 3. Let j(g) = 2*g. Let z be j(w). What is the highest common factor of z and 80?
20
Suppose -2*i - 5*i + 91 = 0. Calculate the highest common divisor of 104 and i.
13
Suppose 0*x - 5*h = -x + 38, 3*h - 15 = 0. Let o = -35 + x. Suppose -2*k - k + 21 = 0. Calculate the highest common divisor of o and k.
7
Let z = 11 + 44. Suppose 5*m = 2*y - 199, -5*m + 82 = y - z. Calculate the highest common divisor of y and 14.
14
Let j(m) = -2 + m**2 + 2*m**2 + 5*m - 4. Let u(c) = -c - 12. Let b be u(-6). Let d be j(b). What is the greatest common factor of d and 12?
12
Let j = 24 + -13. Suppose 108 = j*g - 5*g. Calculate the highest common divisor of g and 90.
18
Suppose 4*a - 4*v = -0*a + 336, 4 = 4*v. Calculate the greatest common factor of a and 17.
17
Let q be (28 - 4) + (0 - 0). What is the highest common factor of 8 and q?
8
Let c = -1 + 1. Suppose c = -b - 3*b. Let g be (1 + b)/((-2)/(-12)). What is the greatest common divisor of 15 and g?
3
Suppose 3*z + 2*g = -0*g + 61, 3*z = -3*g + 66. Suppose -3*d - z = -4*d. Calculate the greatest common factor of 119 and d.
17
Let k be (-4)/(-6)*18/4. Suppose 2*r - 3*p = 5*r - k, -2*r + 3*p = 3. Suppose 56 = -r*a + a. What is the greatest common factor of 7 and a?
7
Suppose 0 = -s + 13 + 27. Let g = -22 + s. Calculate the greatest common factor of g and 18.
18
Suppose -7*a = -a - 276. What is the greatest common factor of 23 and a?
23
Suppose 8 = -6*s + 2*s. Let q be s/(-8) - 220/(-16). Let n(y) = y**3 - 2*y**2 - 2. Let b be n(3). Calculate the highest common divisor of q and b.
7
Let j be 14/(-5)*(-5 - 0). Let k = 5 + -5. Let d(i) = -i + 2. Let l be d(k). What is the highest common factor of j and l?
2
Let g be -3*104/60*-5. What is the greatest common divisor of g and 65?
13
Let o(b) = b**2 + 3*b + 6. Let l be o(-4). Let u be -2 - -2*(4 - 2). What is the greatest common divisor of u and l?
2
Let r = -9 + 16. Let t be (0 - 3)*4/3. Let s = t + r. What is the greatest common divisor of s and 1?
1
Suppose -u - 5*k = -22, -4*u + k + 11 = 28. Let w be 2/4*0 + 17. Let i = w + u. What is the highest common divisor of 154 and i?
14
Let x be (-2)/(-7) + (-292)/(-7). Let r be (-1)/(1 - 45/x). Let l(k) = 2*k + 51. Let u be l(-15). Calculate the greatest common factor of u and r.
7
Let d(r) = -r + 32. Let v be d(25). What is the highest common factor of 21 and v?
7
Suppose 4*c = 16 - 4. Suppose -4*m + 3*f = -19, 18 = 5*m - c*f - 2. Calculate the greatest common factor of 4 and m.
1
Let u be 4/(-10) - (-546)/15. Let y(p) = 2*p + 2. Let q be y(8). What is the highest common factor of u and q?
18
Let b = 28 - 10. Calculate the greatest common divisor of b and 45.
9
Let u = -51 + 187. Calculate the greatest common factor of 17 and u.
17
Let s = -16 - -19. What is the greatest common divisor of 3 and s?
3
Let j(w) = 8*w**3 - 2*w**2 + 2*w + 1. Let p be j(2). Let a = p - 27. What is the highest common divisor of 85 and a?
17
Let f = -120 + 132. What is the greatest common divisor of f and 6?
6
Let t(n) = -n**3 + 7*n**2 - 6*n + 2. Let c be t(4). What is the greatest common factor of 13 and c?
13
Let q(n) be the first derivative of 8*n**2 - 2*n - 1. Let f be q(2). Calculate the highest common divisor of f and 6.
6
Let t be 3 + (0 - -17) - (-6)/(-3). Calculate the highest common factor of 54 and t.
18
Let x(v) be the third derivative of v**4/24 - v**2. Let k(f) = 2*f**2 - f + 1. Let m be k(-1). Let h be x(m). What is the highest common factor of h and 32?
4
Suppose 0 = 2*y - 4*p - 182, -273 = 3*y - 6*y - 5*p. Let m(k) = -k**2 - 14*k. Let z be m(-13). What is the greatest common factor of z and y?
13
Suppose -a + 19 - 1 = 0. What is the greatest common divisor of 198 and a?
18
Let v be ((-1)/2)/(4/(-144)). Let b(c) = -c**3 - 10*c**2 - 10*c - 7. Let f be b(-9). What is the highest common divisor of f and v?
2
Suppose 0 = -5*h + 5*a + 145, 3*h - 95 = -4*a - a. What is the greatest common divisor of h and 42?
6
Let d be (3*(-1)/2)/(1/(-6)). Calculate the greatest common divisor of d and 81.
9
Let t be (0 - -2) + 376/4. What is the highest common factor of t and 12?
12
Let u = 2 - 1. Let s = -13 - -22. What is the greatest common factor of s and u?
1
Suppose 0 = -2*c + 8, 0*c + 3*c = -2*o + 24. Let a = -10 - -40. What is the greatest common factor of o and a?
6
Let t = 1 - -1. Suppose 4 = -0*z + t*z. Suppose 105 = 4*r - m, -z*r + 4*m = 14 - 84. What is the highest common factor of 5 and r?
5
Let n(l) be the third derivative of l**5/12 + l**4/8 + l**3/3 + 4*l**2. Let b be n(-2). What is the greatest common factor of b and 32?
16
Let n be (-1)/(1/(-30))*96/36. What is the highest common divisor of n and 20?
20
Let f(z) = z**2 - 7*z + 8. Let r be f(4). Let b(x) = -x**3 - 2*x**2 + 2*x - 5. Let n be b(r). Calculate the highest common divisor of n and 95.
19
Let j(i) = -i**2 + 15*i + 16. Let p be j(10). What is the greatest common factor of p and 22?
22
Let b be (8/(-28)*9)/((-3)/21). Calculate the highest common divisor of b and 6.
6
Suppose 11 = 4*q + 7. What is the highest common divisor of q and 5?
1
Let j be (-2 - 5)*(-2 + (-4)/(-14)). Calculate the highest common divisor of j and 156.
12
Suppose 24*v - 20*v = 448. What is the greatest common factor of 16 and v?
16
Let v(b) = b**3 + 16*b**2 + 43*b + 18. Let y be v(-12). What is the highest common divisor of 6 and y?
6
Let f(g) = g + 44. Let d be f(-14). Calculate the greatest common factor of 120 and d.
30
Suppose 10 = 6*r - 278. What is the highest common factor of r and 12?
12
Let l be ((-34)/(-4))/((-3)/(-6)). Suppose 0 = 3*y - 4*y + 2. Suppose y*d - 200 = 38. What is the greatest common factor of d and l?
17
Let a = -34 - -54. Let h be 3 - (2 + (-1 - 2)). Suppose -5*i + h*z + 29 = -27, -2*i - 3*z = -